{"id":263,"date":"2018-09-04T20:20:20","date_gmt":"2018-09-04T20:20:20","guid":{"rendered":"http:\/\/mieldegalicia.org\/2018\/?page_id=263"},"modified":"2018-09-27T16:24:07","modified_gmt":"2018-09-27T16:24:07","slug":"inscripcion","status":"publish","type":"page","link":"https:\/\/mieldegalicia.org\/2018\/inscripcion\/","title":{"rendered":"Inscripci\u00f3n"},"content":{"rendered":"<p>[et_pb_section fb_built=&#8221;1&#8243; fullwidth=&#8221;on&#8221; module_id=&#8221; top-slider-inner&#8221; _builder_version=&#8221;3.13&#8243;][et_pb_fullwidth_slider module_id=&#8221;slider-inner&#8221; _builder_version=&#8221;3.13&#8243;][et_pb_slide use_bg_overlay=&#8221;off&#8221; use_text_overlay=&#8221;off&#8221; _builder_version=&#8221;3.13&#8243; background_color=&#8221;#ffffff&#8221; background_image=&#8221;https:\/\/mieldegalicia.org\/2018\/wp-content\/uploads\/2018\/09\/slider_consejo_regulador.png&#8221; button_on_hover=&#8221;on&#8221;][\/et_pb_slide][\/et_pb_fullwidth_slider][et_pb_fullwidth_code _builder_version=&#8221;3.13&#8243;]&lt;a class=&quot;logo-inner&quot; href=&quot;https:\/\/mieldegalicia.org\/2018&quot;&gt;&lt;img src=&quot;https:\/\/mieldegalicia.org\/2018\/wp-content\/uploads\/2018\/09\/logo.png&quot;&gt;&lt;\/a&gt;[\/et_pb_fullwidth_code][\/et_pb_section][et_pb_section fb_built=&#8221;1&#8243; _builder_version=&#8221;3.13&#8243; background_color=&#8221;#fffdf6&#8243;][et_pb_row custom_margin=&#8221;-30px|||&#8221; _builder_version=&#8221;3.13&#8243;][et_pb_column type=&#8221;4_4&#8243; _builder_version=&#8221;3.13&#8243; parallax=&#8221;off&#8221; parallax_method=&#8221;on&#8221;][et_pb_text disabled_on=&#8221;on|off|off&#8221; _builder_version=&#8221;3.13&#8243; text_font=&#8221;||||||||&#8221; text_font_size=&#8221;21px&#8221;]<a href=\"https:\/\/mieldegalicia.org\/2018\/consejo-regulador\/\">Consejo Regulador<\/a>\u00a0\u00a0\u00a0\u00a0 <a href=\"https:\/\/mieldegalicia.org\/2018\/normativa\" >Normativa<\/a>\u00a0\u00a0\u00a0\u00a0 <a href=\"https:\/\/mieldegalicia.org\/2018\/envasadores\">Envasadores<\/a>\u00a0\u00a0\u00a0\u00a0 <a href=\"https:\/\/mieldegalicia.org\/2018\/inscripcion\" style=\"color:#767676;\">Inscripci\u00f3n<\/a>[\/et_pb_text][\/et_pb_column][\/et_pb_row][et_pb_row custom_margin=&#8221;-30px|||&#8221; _builder_version=&#8221;3.13&#8243;][et_pb_column type=&#8221;4_4&#8243; _builder_version=&#8221;3.0.47&#8243; parallax=&#8221;off&#8221; parallax_method=&#8221;on&#8221;][et_pb_divider color=&#8221;#cca649&#8243; _builder_version=&#8221;3.13&#8243;]&nbsp;<br \/>\n[\/et_pb_divider][\/et_pb_column][\/et_pb_row][et_pb_row custom_padding=&#8221;|||&#8221; custom_margin=&#8221;|0px||&#8221; _builder_version=&#8221;3.13&#8243; background_image=&#8221;https:\/\/mieldegalicia.org\/2018\/wp-content\/uploads\/2018\/09\/bg_regulador_inscripcion.png&#8221; background_size=&#8221;contain&#8221; background_position=&#8221;center_right&#8221;][et_pb_column type=&#8221;4_4&#8243; _builder_version=&#8221;3.13&#8243; parallax=&#8221;off&#8221; parallax_method=&#8221;on&#8221;][et_pb_text _builder_version=&#8221;3.13&#8243; text_font=&#8221;||||||||&#8221; text_line_height=&#8221;2.4em&#8221; custom_margin=&#8221;|0px||&#8221; custom_padding=&#8221;|250px||&#8221; custom_padding_phone=&#8221;|0px||&#8221; custom_padding_last_edited=&#8221;on|phone&#8221;]<span style=\"font-size: large;\">El <span style=\"font-size: x-large; color: #cca649;\">Consejo Regulador<\/span> lleva los siguientes registros:<\/span><\/p>\n<ul>\n<li><span style=\"font-size: large;\">Registro de Explotaciones<\/span><\/li>\n<li><span style=\"font-size: large;\">Registro de Instalaciones de Extracci\u00f3n, Almacenamiento y\/o Envasado<\/span><\/li>\n<\/ul>\n<p><span style=\"font-size: large;\">La inscripci\u00f3n es totalmente voluntaria.<\/span><br \/>\n<span style=\"font-size: large;\">Un apicultor que quiera comercializar su miel como Miel de Galicia tendr\u00eda que inscribirse en los dos registros y solicitar el certificado de producto y autorizaci\u00f3n de uso de marca.<\/span>[\/et_pb_text][et_pb_divider color=&#8221;#cca649&#8243; divider_style=&#8221;dotted&#8221; divider_position=&#8221;center&#8221; _builder_version=&#8221;3.13&#8243; max_width=&#8221;75%&#8221; module_alignment=&#8221;left&#8221;]&nbsp;<br \/>\n[\/et_pb_divider][et_pb_text _builder_version=&#8221;3.13&#8243; text_font=&#8221;||||||||&#8221; text_line_height=&#8221;2.4em&#8221; custom_margin=&#8221;|0px||&#8221; custom_padding=&#8221;|250px||&#8221; custom_padding_phone=&#8221;|0px||&#8221; custom_padding_last_edited=&#8221;on|phone&#8221;]<\/p>\n<p><span style=\"font-size: large;\">El <span style=\"font-size: x-large; color: #cca649;\">Consejo Regulador de la Indicaci\u00f3n Geogr\u00e1fica Protegida Miel de Galicia<\/span> dispone de toda la informaci\u00f3n que podr\u00e1 solicitar a trav\u00e9s del apartado de contacto.<\/span><\/p>\n<p><span style=\"font-size: large;\"><\/span><\/p>\n<ul>\n<li><span style=\"font-size: large;\">Documentos informativos sobre la sistem\u00e1tica a seguir para la inscripci\u00f3n de explotaciones ap\u00edcolas durante todo el proceso, desde la solicitud hasta el registro de la explotaci\u00f3n<\/span><\/li>\n<li><span style=\"font-size: large;\">Documentos informativos sobre la sistem\u00e1tica a seguir para la inscripci\u00f3n en el registro de instalaciones de extracci\u00f3n, almacenamiento y\/o envasado, la certificaci\u00f3n de producto durante todo el proceso, desde la solicitud del operador hasta el uso de marca <span style=\"font-size: x-large; color: #cca649;\">Miel de Galicia<\/span>. Tanto para los que tienen Registro General Sanitario de Empresas Alimentarias y Alimentos como los acogidos al r\u00e9gimen de venta directa<\/span><\/li>\n<li><span style=\"font-size: large;\">La descripci\u00f3n de los medios mediante los cuales obtiene apoyo financiero e informaci\u00f3n sobre las diferentes tarifas<\/span><\/li>\n<li><span style=\"font-size: large;\">Derechos y obligaciones de los operadores<\/span><\/li>\n<li><span style=\"font-size: large;\">Procedimiento de recursos, reclamaciones y litigios<\/span><\/li>\n<li><span style=\"font-size: large;\">Cuotas<\/span><\/li>\n<\/ul>\n<p>[\/et_pb_text][\/et_pb_column][\/et_pb_row][\/et_pb_section]<\/p>\n","protected":false},"excerpt":{"rendered":"<p>[et_pb_section fb_built=&#8221;1&#8243; fullwidth=&#8221;on&#8221; module_id=&#8221; top-slider-inner&#8221; _builder_version=&#8221;3.13&#8243;][et_pb_fullwidth_slider module_id=&#8221;slider-inner&#8221; _builder_version=&#8221;3.13&#8243;][et_pb_slide use_bg_overlay=&#8221;off&#8221; use_text_overlay=&#8221;off&#8221; _builder_version=&#8221;3.13&#8243; background_color=&#8221;#ffffff&#8221; background_image=&#8221;https:\/\/mieldegalicia.org\/2018\/wp-content\/uploads\/2018\/09\/slider_consejo_regulador.png&#8221; button_on_hover=&#8221;on&#8221;][\/et_pb_slide][\/et_pb_fullwidth_slider][et_pb_fullwidth_code _builder_version=&#8221;3.13&#8243;]&lt;a class=&quot;logo-inner&quot; href=&quot;https:\/\/mieldegalicia.org\/2018&quot;&gt;&lt;img src=&quot;https:\/\/mieldegalicia.org\/2018\/wp-content\/uploads\/2018\/09\/logo.png&quot;&gt;&lt;\/a&gt;[\/et_pb_fullwidth_code][\/et_pb_section][et_pb_section fb_built=&#8221;1&#8243; _builder_version=&#8221;3.13&#8243; background_color=&#8221;#fffdf6&#8243;][et_pb_row custom_margin=&#8221;-30px|||&#8221; _builder_version=&#8221;3.13&#8243;][et_pb_column type=&#8221;4_4&#8243; _builder_version=&#8221;3.13&#8243; parallax=&#8221;off&#8221; parallax_method=&#8221;on&#8221;][et_pb_text disabled_on=&#8221;on|off|off&#8221; _builder_version=&#8221;3.13&#8243; text_font=&#8221;||||||||&#8221; text_font_size=&#8221;21px&#8221;]Consejo Regulador\u00a0\u00a0\u00a0\u00a0 Normativa\u00a0\u00a0\u00a0\u00a0 Envasadores\u00a0\u00a0\u00a0\u00a0 Inscripci\u00f3n[\/et_pb_text][\/et_pb_column][\/et_pb_row][et_pb_row custom_margin=&#8221;-30px|||&#8221; _builder_version=&#8221;3.13&#8243;][et_pb_column type=&#8221;4_4&#8243; _builder_version=&#8221;3.0.47&#8243; parallax=&#8221;off&#8221; parallax_method=&#8221;on&#8221;][et_pb_divider color=&#8221;#cca649&#8243; _builder_version=&#8221;3.13&#8243;]&nbsp; [\/et_pb_divider][\/et_pb_column][\/et_pb_row][et_pb_row custom_padding=&#8221;|||&#8221; custom_margin=&#8221;|0px||&#8221; _builder_version=&#8221;3.13&#8243; background_image=&#8221;https:\/\/mieldegalicia.org\/2018\/wp-content\/uploads\/2018\/09\/bg_regulador_inscripcion.png&#8221; background_size=&#8221;contain&#8221; background_position=&#8221;center_right&#8221;][et_pb_column type=&#8221;4_4&#8243; _builder_version=&#8221;3.13&#8243; parallax=&#8221;off&#8221; parallax_method=&#8221;on&#8221;][et_pb_text _builder_version=&#8221;3.13&#8243; [&hellip;]<\/p>\n","protected":false},"author":1,"featured_media":0,"parent":0,"menu_order":0,"comment_status":"closed","ping_status":"closed","template":"","meta":{"_et_pb_use_builder":"on","_et_pb_old_content":"","_et_gb_content_width":""},"_links":{"self":[{"href":"https:\/\/mieldegalicia.org\/2018\/wp-json\/wp\/v2\/pages\/263"}],"collection":[{"href":"https:\/\/mieldegalicia.org\/2018\/wp-json\/wp\/v2\/pages"}],"about":[{"href":"https:\/\/mieldegalicia.org\/2018\/wp-json\/wp\/v2\/types\/page"}],"author":[{"embeddable":true,"href":"https:\/\/mieldegalicia.org\/2018\/wp-json\/wp\/v2\/users\/1"}],"replies":[{"embeddable":true,"href":"https:\/\/mieldegalicia.org\/2018\/wp-json\/wp\/v2\/comments?post=263"}],"version-history":[{"count":9,"href":"https:\/\/mieldegalicia.org\/2018\/wp-json\/wp\/v2\/pages\/263\/revisions"}],"predecessor-version":[{"id":562,"href":"https:\/\/mieldegalicia.org\/2018\/wp-json\/wp\/v2\/pages\/263\/revisions\/562"}],"wp:attachment":[{"href":"https:\/\/mieldegalicia.org\/2018\/wp-json\/wp\/v2\/media?parent=263"}],"curies":[{"name":"wp","href":"https:\/\/api.w.org\/{rel}","templated":true}]}}